24?
8
What is the greatest common divisor of 2568 and 4986?
6
What is the highest common factor of 366445045 and 15?
5
What is the highest common factor of 259406 and 3136?
98
Calculate the highest common factor of 151360 and 344860.
860
Calculate the greatest common divisor of 96 and 4527912.
24
Calculate the highest common divisor of 166796 and 64216.
92
What is the highest common divisor of 98270 and 187030?
3170
What is the greatest common factor of 10640 and 850060?
380
Calculate the highest common factor of 44312 and 8005001.
191
What is the greatest common divisor of 135888 and 444144?
912
What is the greatest common divisor of 455237328 and 104?
104
Calculate the greatest common divisor of 236468 and 64976.
124
Calculate the greatest common divisor of 53696958 and 42.
42
Calculate the greatest common factor of 247089 and 22701.
69
What is the greatest common divisor of 1746968 and 24?
8
What is the greatest common divisor of 551712 and 3360?
672
Calculate the greatest common divisor of 107 and 26851543.
107
What is the greatest common factor of 12556530 and 6619410?
11970
What is the highest common divisor of 51828220 and 32410?
4630
What is the greatest common factor of 1560 and 3451890?
390
What is the highest common factor of 50 and 40605025?
25
Calculate the greatest common divisor of 800 and 130234336.
32
Calculate the highest common divisor of 713492407 and 16882.
8441
Calculate the highest common divisor of 1690512 and 33456.
1968
Calculate the greatest common factor of 60992 and 8896.
64
What is the highest common factor of 304244399 and 4098?
683
Calculate the highest common factor of 122082 and 3072.
6
Calculate the greatest common factor of 35145 and 11684541.
2343
Calculate the greatest common factor of 1627488 and 31848.
24
Calculate the highest common divisor of 227602 and 6417.
31
Calculate the highest common factor of 152401 and 13069127.
593
Calculate the highest common divisor of 62804 and 221396.
28
What is the greatest common divisor of 4543500 and 8388?
2796
Calculate the highest common divisor of 8832 and 25289512.
184
Calculate the highest common divisor of 1666 and 16269323.
833
What is the highest common factor of 1220443402 and 548?
274
Calculate the highest common factor of 175683664 and 1040.
208
Calculate the greatest common divisor of 382320 and 3824.
16
What is the greatest common divisor of 6083680 and 22748?
188
What is the greatest common factor of 4067672 and 287?
7
What is the highest common divisor of 492877891 and 88?
11
What is the highest common factor of 546 and 202878?
78
Calculate the greatest common factor of 529174 and 13394.
74
Calculate the highest common divisor of 58 and 2517142.
58
What is the greatest common factor of 28 and 288803172?
28
What is the greatest common divisor of 2840253 and 1079?
13
What is the highest common divisor of 973 and 41363203?
973
Calculate the highest common factor of 416 and 5508352.
32
What is the highest common divisor of 143889858 and 126?
126
Calculate the greatest common factor of 8128 and 216.
8
What is the greatest common divisor of 4158 and 6837642?
378
What is the greatest common factor of 192 and 17330448?
48
Calculate the greatest common divisor of 11135775 and 147.
21
What is the greatest common divisor of 222598 and 6154?
34
Calculate the highest common factor of 6766633 and 1324.
331
What is the highest common factor of 3645 and 5990445?
45
Calculate the greatest common factor of 2859500 and 208810.
1330
What is the highest common divisor of 2207800 and 5450?
50
What is the greatest common factor of 2060 and 16463417?
103
Calculate the highest common divisor of 28830 and 63750.
30
What is the greatest common factor of 4556747 and 413?
59
What is the greatest common divisor of 6468420 and 228480?
420
Calculate the highest common divisor of 1773422 and 33866.
826
Calculate the highest common factor of 31040 and 625844.
388
Calculate the highest common factor of 61939267 and 299.
13
Calculate the greatest common divisor of 17136304 and 153760.
496
What is the greatest common divisor of 90937669 and 19876?
4969
Calculate the highest common divisor of 7306 and 48933902.
562
What is the highest common factor of 236231913 and 5271?
753
What is the highest common factor of 557500 and 10140925?
5575
What is the highest common divisor of 19264860 and 430?
430
What is the highest common divisor of 40700 and 25496108?
1628
What is the highest common divisor of 1137 and 3851472663?
1137
Calculate the highest common divisor of 495600 and 8050.
350
What is the highest common divisor of 113820 and 123585?
105
Calculate the greatest common divisor of 4573 and 3736549.
17
What is the greatest common divisor of 48931 and 36625?
293
Calculate the greatest common divisor of 1421740642 and 8962.
8962
Calculate the highest common factor of 284580 and 14280.
1020
Calculate the greatest common factor of 2671704 and 2520.
504
Calculate the highest common divisor of 2007891 and 225.
9
Calculate the highest common divisor of 12 and 21940476.
12
Calculate the highest common factor of 12187338 and 6.
6
What is the highest common factor of 207 and 407335911?
69
What is the greatest common factor of 521832 and 812736?
408
Calculate the greatest common factor of 75561 and 1706207.
283
Calculate the highest common divisor of 24787500 and 9600.
300
Calculate the highest common divisor of 37323 and 2974356.
2871
What is the highest common divisor of 612 and 8143425?
153
Calculate the greatest common divisor of 46494 and 26577348.
1722
Calculate the highest common divisor of 972781 and 285.
19
What is the greatest common factor of 795802 and 21?
7
Calculate the greatest common factor of 272 and 274754.
34
Calculate the highest common factor of 11003568 and 345.
69
What is the highest common divisor of 80 and 21470176?
16
What is the greatest common divisor of 379764656 and 28540?
5708
What is the greatest common factor of 289 and 374534735?
17
Calculate the highest common factor of 15191 and 23177.
11
What is the highest common divisor of 16522830 and 7110?
90
Calculate the highest common factor of 1826468 and 1979204.
6364
Calculate the greatest common divisor of 89650 and 1014200.
550
What is the highest common divisor of 37232122 and 2?
2
What is the highest common divisor of 1010 and 3231798?
202
Calculate the highest common divisor of 2745 and 15495.
15
Calculate the highest common factor of 16688 and 166737109.
1043
What is the highest common divisor of 1099752 and 328?
8
Calculate the greatest common divisor of 1566398 and 50084.
38
Calculate the greatest common divisor of 2098246 and 38.
38
What is the greatest common divisor of 71365 and 561155?
35
Calculate the greatest common divisor of 3984 and 19401748.
332
Calculate the greatest common divisor of 192 and 4323948.
12
Calculate the greatest common divisor of 31115 and 13769.
49
Calculate the highest common divisor of 12571347 and 3723.
51
What is the highest common divisor of 1328 and 16008704?
16
What is the highest common divisor of 337920 and 155430?
330
What is the highest common divisor of 145550971 and 87?
29
Calculate the greatest common factor of 440 and 31263045.
55
Calculate the greatest common divisor of 921200 and 118816.
752
Calculate the greatest common factor of 32532625 and 250.
125
What is the greatest common divisor of 38273795 and 35?
35
Calculate the greatest common factor of 531594 and 4095.
63
What is the greatest common divisor of 140349 and 44?
11
What is the greatest common divisor of 7140 and 1063605?
255
What is the highest common factor of 2 and 1215847?
1
Calculate the greatest common factor of 1603703 and 262159.
317
Calculate the highest common factor of 6856308 and 134240.
3356
What is the greatest common factor of 798 and 1282614?
114
What is the highest common divisor of 1116110 and 880?
10
What is the greatest common factor of 39424 and 1043944?
88
What is the greatest common factor of 550 and 50325?
275
What is the greatest common divisor of 113928 and 34122?
282
What is the greatest common factor of 1125135 and 10?
5
Calculate the greatest common factor of 2169284388 and 59.
59
Calculate the highest common divisor of 950 and 10743750.
50
What is the greatest common divisor of 6